[INFO] fetching crate fast-rustc-ap-rustc_index 1.0.0...
[INFO] building fast-rustc-ap-rustc_index-1.0.0 against master#881c1ac408d93bb7adaa3a51dabab9266e82eee8 for issue-85264
[INFO] extracting crate fast-rustc-ap-rustc_index 1.0.0 into /workspace/builds/worker-10/source
[INFO] validating manifest of crates.io crate fast-rustc-ap-rustc_index 1.0.0 on toolchain 881c1ac408d93bb7adaa3a51dabab9266e82eee8
[INFO] running `Command { std: "/workspace/cargo-home/bin/cargo" "+881c1ac408d93bb7adaa3a51dabab9266e82eee8" "metadata" "--manifest-path" "Cargo.toml" "--no-deps", kill_on_drop: false }`
[INFO] started tweaking crates.io crate fast-rustc-ap-rustc_index 1.0.0
[INFO] finished tweaking crates.io crate fast-rustc-ap-rustc_index 1.0.0
[INFO] tweaked toml for crates.io crate fast-rustc-ap-rustc_index 1.0.0 written to /workspace/builds/worker-10/source/Cargo.toml
[INFO] running `Command { std: "/workspace/cargo-home/bin/cargo" "+881c1ac408d93bb7adaa3a51dabab9266e82eee8" "generate-lockfile" "--manifest-path" "Cargo.toml" "-Zno-index-update", kill_on_drop: false }`
[INFO] [stderr]     Blocking waiting for file lock on package cache
[INFO] running `Command { std: "/workspace/cargo-home/bin/cargo" "+881c1ac408d93bb7adaa3a51dabab9266e82eee8" "fetch" "--manifest-path" "Cargo.toml", kill_on_drop: false }`
[INFO] running `Command { std: "docker" "create" "-v" "/var/lib/crater-agent-workspace/builds/worker-10/target:/opt/rustwide/target:rw,Z" "-v" "/var/lib/crater-agent-workspace/builds/worker-10/source:/opt/rustwide/workdir:ro,Z" "-v" "/var/lib/crater-agent-workspace/cargo-home:/opt/rustwide/cargo-home:ro,Z" "-v" "/var/lib/crater-agent-workspace/rustup-home:/opt/rustwide/rustup-home:ro,Z" "-e" "SOURCE_DIR=/opt/rustwide/workdir" "-e" "CARGO_TARGET_DIR=/opt/rustwide/target" "-e" "CARGO_HOME=/opt/rustwide/cargo-home" "-e" "RUSTUP_HOME=/opt/rustwide/rustup-home" "-w" "/opt/rustwide/workdir" "-m" "1610612736" "--user" "0:0" "--network" "none" "ghcr.io/rust-lang/crates-build-env/linux@sha256:20528e8c29e4536546f0102ce88568b16ea7538393a33fcca951030f7af10457" "/opt/rustwide/cargo-home/bin/cargo" "+881c1ac408d93bb7adaa3a51dabab9266e82eee8" "metadata" "--no-deps" "--format-version=1", kill_on_drop: false }`
[INFO] [stdout] 7f6e606928288046c8c612bc4bdc3f63e2f69d396bc8f94fa96d9e61f33811b4
[INFO] [stderr] WARNING: Your kernel does not support swap limit capabilities or the cgroup is not mounted. Memory limited without swap.
[INFO] running `Command { std: "docker" "start" "-a" "7f6e606928288046c8c612bc4bdc3f63e2f69d396bc8f94fa96d9e61f33811b4", kill_on_drop: false }`
[INFO] running `Command { std: "docker" "inspect" "7f6e606928288046c8c612bc4bdc3f63e2f69d396bc8f94fa96d9e61f33811b4", kill_on_drop: false }`
[INFO] running `Command { std: "docker" "rm" "-f" "7f6e606928288046c8c612bc4bdc3f63e2f69d396bc8f94fa96d9e61f33811b4", kill_on_drop: false }`
[INFO] [stdout] 7f6e606928288046c8c612bc4bdc3f63e2f69d396bc8f94fa96d9e61f33811b4
[INFO] running `Command { std: "docker" "create" "-v" "/var/lib/crater-agent-workspace/builds/worker-10/target:/opt/rustwide/target:rw,Z" "-v" "/var/lib/crater-agent-workspace/builds/worker-10/source:/opt/rustwide/workdir:ro,Z" "-v" "/var/lib/crater-agent-workspace/cargo-home:/opt/rustwide/cargo-home:ro,Z" "-v" "/var/lib/crater-agent-workspace/rustup-home:/opt/rustwide/rustup-home:ro,Z" "-e" "SOURCE_DIR=/opt/rustwide/workdir" "-e" "CARGO_TARGET_DIR=/opt/rustwide/target" "-e" "CARGO_INCREMENTAL=0" "-e" "RUST_BACKTRACE=full" "-e" "RUSTFLAGS=--cap-lints=forbid" "-e" "CARGO_HOME=/opt/rustwide/cargo-home" "-e" "RUSTUP_HOME=/opt/rustwide/rustup-home" "-w" "/opt/rustwide/workdir" "-m" "1610612736" "--user" "0:0" "--network" "none" "ghcr.io/rust-lang/crates-build-env/linux@sha256:20528e8c29e4536546f0102ce88568b16ea7538393a33fcca951030f7af10457" "/opt/rustwide/cargo-home/bin/cargo" "+881c1ac408d93bb7adaa3a51dabab9266e82eee8" "build" "--frozen" "--message-format=json", kill_on_drop: false }`
[INFO] [stdout] be8a1f617d2ef07b9e6dbfa3b7587ae0be209bfa848d541e6798001f76ddeb31
[INFO] [stderr] WARNING: Your kernel does not support swap limit capabilities or the cgroup is not mounted. Memory limited without swap.
[INFO] running `Command { std: "docker" "start" "-a" "be8a1f617d2ef07b9e6dbfa3b7587ae0be209bfa848d541e6798001f76ddeb31", kill_on_drop: false }`
[INFO] [stderr]    Compiling autocfg v1.0.1
[INFO] [stderr]    Compiling hashbrown v0.9.1
[INFO] [stderr]    Compiling smallvec v1.6.1
[INFO] [stderr]    Compiling indexmap v1.6.2
[INFO] [stderr]    Compiling fast-rustc-ap-serialize v1.0.0
[INFO] [stderr]    Compiling fast-rustc-ap-rustc_index v1.0.0 (/opt/rustwide/workdir)
[INFO] [stdout] warning: use of deprecated macro `RustcDecodable`: rustc-serialize is deprecated and no longer supported
[INFO] [stdout]   --> bit_set.rs:28:32
[INFO] [stdout]    |
[INFO] [stdout] 28 | #[derive(Clone, Eq, PartialEq, RustcDecodable, RustcEncodable)]
[INFO] [stdout]    |                                ^^^^^^^^^^^^^^
[INFO] [stdout]    |
[INFO] [stdout]    = note: `#[warn(deprecated)]` on by default
[INFO] [stdout] 
[INFO] [stdout] 
[INFO] [stdout] warning: use of deprecated macro `RustcEncodable`: rustc-serialize is deprecated and no longer supported
[INFO] [stdout]   --> bit_set.rs:28:48
[INFO] [stdout]    |
[INFO] [stdout] 28 | #[derive(Clone, Eq, PartialEq, RustcDecodable, RustcEncodable)]
[INFO] [stdout]    |                                                ^^^^^^^^^^^^^^
[INFO] [stdout] 
[INFO] [stdout] 
[INFO] [stdout] warning: use of deprecated macro `RustcDecodable`: rustc-serialize is deprecated and no longer supported
[INFO] [stdout]    --> bit_set.rs:703:39
[INFO] [stdout]     |
[INFO] [stdout] 703 | #[derive(Clone, Debug, Eq, PartialEq, RustcDecodable, RustcEncodable)]
[INFO] [stdout]     |                                       ^^^^^^^^^^^^^^
[INFO] [stdout] 
[INFO] [stdout] 
[INFO] [stdout] warning: use of deprecated macro `RustcEncodable`: rustc-serialize is deprecated and no longer supported
[INFO] [stdout]    --> bit_set.rs:703:55
[INFO] [stdout]     |
[INFO] [stdout] 703 | #[derive(Clone, Debug, Eq, PartialEq, RustcDecodable, RustcEncodable)]
[INFO] [stdout]     |                                                       ^^^^^^^^^^^^^^
[INFO] [stdout] 
[INFO] [stdout] 
[INFO] [stdout] warning: 4 warnings emitted
[INFO] [stdout] 
[INFO] [stdout] 
[INFO] [stderr]     Finished dev [unoptimized + debuginfo] target(s) in 3.56s
[INFO] running `Command { std: "docker" "inspect" "be8a1f617d2ef07b9e6dbfa3b7587ae0be209bfa848d541e6798001f76ddeb31", kill_on_drop: false }`
[INFO] running `Command { std: "docker" "rm" "-f" "be8a1f617d2ef07b9e6dbfa3b7587ae0be209bfa848d541e6798001f76ddeb31", kill_on_drop: false }`
[INFO] [stdout] be8a1f617d2ef07b9e6dbfa3b7587ae0be209bfa848d541e6798001f76ddeb31
[INFO] running `Command { std: "docker" "create" "-v" "/var/lib/crater-agent-workspace/builds/worker-10/target:/opt/rustwide/target:rw,Z" "-v" "/var/lib/crater-agent-workspace/builds/worker-10/source:/opt/rustwide/workdir:ro,Z" "-v" "/var/lib/crater-agent-workspace/cargo-home:/opt/rustwide/cargo-home:ro,Z" "-v" "/var/lib/crater-agent-workspace/rustup-home:/opt/rustwide/rustup-home:ro,Z" "-e" "SOURCE_DIR=/opt/rustwide/workdir" "-e" "CARGO_TARGET_DIR=/opt/rustwide/target" "-e" "CARGO_INCREMENTAL=0" "-e" "RUST_BACKTRACE=full" "-e" "RUSTFLAGS=--cap-lints=forbid" "-e" "CARGO_HOME=/opt/rustwide/cargo-home" "-e" "RUSTUP_HOME=/opt/rustwide/rustup-home" "-w" "/opt/rustwide/workdir" "-m" "1610612736" "--user" "0:0" "--network" "none" "ghcr.io/rust-lang/crates-build-env/linux@sha256:20528e8c29e4536546f0102ce88568b16ea7538393a33fcca951030f7af10457" "/opt/rustwide/cargo-home/bin/cargo" "+881c1ac408d93bb7adaa3a51dabab9266e82eee8" "test" "--frozen" "--no-run" "--message-format=json", kill_on_drop: false }`
[INFO] [stderr] WARNING: Your kernel does not support swap limit capabilities or the cgroup is not mounted. Memory limited without swap.
[INFO] [stdout] facc9a46210cc799212cd890d3ca1b1a02fd20c8fae72eb853d12010faeca60f
[INFO] running `Command { std: "docker" "start" "-a" "facc9a46210cc799212cd890d3ca1b1a02fd20c8fae72eb853d12010faeca60f", kill_on_drop: false }`
[INFO] [stderr]    Compiling fast-rustc-ap-rustc_index v1.0.0 (/opt/rustwide/workdir)
[INFO] [stdout] error[E0407]: method `replace_one` is not a member of trait `std::iter::Step`
[INFO] [stdout]    --> vec.rs:213:13
[INFO] [stdout]     |
[INFO] [stdout] 213 | /             fn replace_one(&mut self) -> Self {
[INFO] [stdout] 214 | |                 ::std::mem::replace(self, Self::from_u32(1))
[INFO] [stdout] 215 | |             }
[INFO] [stdout]     | |_____________^ not a member of trait `std::iter::Step`
[INFO] [stdout]     | 
[INFO] [stdout]    ::: vec/tests.rs:2:1
[INFO] [stdout]     |
[INFO] [stdout] 2   |   newtype_index!(struct MyIdx { MAX = 0xFFFF_FFFA });
[INFO] [stdout]     |   --------------------------------------------------- in this macro invocation
[INFO] [stdout]     |
[INFO] [stdout]     = note: this error originates in a macro (in Nightly builds, run with -Z macro-backtrace for more info)
[INFO] [stdout] 
[INFO] [stdout] 
[INFO] [stdout] error[E0407]: method `replace_zero` is not a member of trait `std::iter::Step`
[INFO] [stdout]    --> vec.rs:218:13
[INFO] [stdout]     |
[INFO] [stdout] 218 | /             fn replace_zero(&mut self) -> Self {
[INFO] [stdout] 219 | |                 ::std::mem::replace(self, Self::from_u32(0))
[INFO] [stdout] 220 | |             }
[INFO] [stdout]     | |_____________^ not a member of trait `std::iter::Step`
[INFO] [stdout]     | 
[INFO] [stdout]    ::: vec/tests.rs:2:1
[INFO] [stdout]     |
[INFO] [stdout] 2   |   newtype_index!(struct MyIdx { MAX = 0xFFFF_FFFA });
[INFO] [stdout]     |   --------------------------------------------------- in this macro invocation
[INFO] [stdout]     |
[INFO] [stdout]     = note: this error originates in a macro (in Nightly builds, run with -Z macro-backtrace for more info)
[INFO] [stdout] 
[INFO] [stdout] 
[INFO] [stdout] error[E0407]: method `add_one` is not a member of trait `std::iter::Step`
[INFO] [stdout]    --> vec.rs:223:13
[INFO] [stdout]     |
[INFO] [stdout] 223 | /             fn add_one(&self) -> Self {
[INFO] [stdout] 224 | |                 Self::from_usize(Self::index(*self) + 1)
[INFO] [stdout] 225 | |             }
[INFO] [stdout]     | |_____________^ not a member of trait `std::iter::Step`
[INFO] [stdout]     | 
[INFO] [stdout]    ::: vec/tests.rs:2:1
[INFO] [stdout]     |
[INFO] [stdout] 2   |   newtype_index!(struct MyIdx { MAX = 0xFFFF_FFFA });
[INFO] [stdout]     |   --------------------------------------------------- in this macro invocation
[INFO] [stdout]     |
[INFO] [stdout]     = note: this error originates in a macro (in Nightly builds, run with -Z macro-backtrace for more info)
[INFO] [stdout] 
[INFO] [stdout] 
[INFO] [stdout] error[E0407]: method `sub_one` is not a member of trait `std::iter::Step`
[INFO] [stdout]    --> vec.rs:228:13
[INFO] [stdout]     |
[INFO] [stdout] 228 | /             fn sub_one(&self) -> Self {
[INFO] [stdout] 229 | |                 Self::from_usize(Self::index(*self) - 1)
[INFO] [stdout] 230 | |             }
[INFO] [stdout]     | |_____________^ not a member of trait `std::iter::Step`
[INFO] [stdout]     | 
[INFO] [stdout]    ::: vec/tests.rs:2:1
[INFO] [stdout]     |
[INFO] [stdout] 2   |   newtype_index!(struct MyIdx { MAX = 0xFFFF_FFFA });
[INFO] [stdout]     |   --------------------------------------------------- in this macro invocation
[INFO] [stdout]     |
[INFO] [stdout]     = note: this error originates in a macro (in Nightly builds, run with -Z macro-backtrace for more info)
[INFO] [stdout] 
[INFO] [stdout] 
[INFO] [stdout] error[E0407]: method `add_usize` is not a member of trait `std::iter::Step`
[INFO] [stdout]    --> vec.rs:233:13
[INFO] [stdout]     |
[INFO] [stdout] 233 | /             fn add_usize(&self, u: usize) -> Option<Self> {
[INFO] [stdout] 234 | |                 Self::index(*self).checked_add(u).map(Self::from_usize)
[INFO] [stdout] 235 | |             }
[INFO] [stdout]     | |_____________^ not a member of trait `std::iter::Step`
[INFO] [stdout]     | 
[INFO] [stdout]    ::: vec/tests.rs:2:1
[INFO] [stdout]     |
[INFO] [stdout] 2   |   newtype_index!(struct MyIdx { MAX = 0xFFFF_FFFA });
[INFO] [stdout]     |   --------------------------------------------------- in this macro invocation
[INFO] [stdout]     |
[INFO] [stdout]     = note: this error originates in a macro (in Nightly builds, run with -Z macro-backtrace for more info)
[INFO] [stdout] 
[INFO] [stdout] 
[INFO] [stdout] error[E0407]: method `sub_usize` is not a member of trait `std::iter::Step`
[INFO] [stdout]    --> vec.rs:238:13
[INFO] [stdout]     |
[INFO] [stdout] 238 | /             fn sub_usize(&self, u: usize) -> Option<Self> {
[INFO] [stdout] 239 | |                 Self::index(*self).checked_sub(u).map(Self::from_usize)
[INFO] [stdout] 240 | |             }
[INFO] [stdout]     | |_____________^ not a member of trait `std::iter::Step`
[INFO] [stdout]     | 
[INFO] [stdout]    ::: vec/tests.rs:2:1
[INFO] [stdout]     |
[INFO] [stdout] 2   |   newtype_index!(struct MyIdx { MAX = 0xFFFF_FFFA });
[INFO] [stdout]     |   --------------------------------------------------- in this macro invocation
[INFO] [stdout]     |
[INFO] [stdout]     = note: this error originates in a macro (in Nightly builds, run with -Z macro-backtrace for more info)
[INFO] [stdout] 
[INFO] [stdout] 
[INFO] [stdout] warning: use of deprecated macro `RustcDecodable`: rustc-serialize is deprecated and no longer supported
[INFO] [stdout]   --> bit_set.rs:28:32
[INFO] [stdout]    |
[INFO] [stdout] 28 | #[derive(Clone, Eq, PartialEq, RustcDecodable, RustcEncodable)]
[INFO] [stdout]    |                                ^^^^^^^^^^^^^^
[INFO] [stdout]    |
[INFO] [stdout]    = note: `#[warn(deprecated)]` on by default
[INFO] [stdout] 
[INFO] [stdout] 
[INFO] [stdout] warning: use of deprecated macro `RustcEncodable`: rustc-serialize is deprecated and no longer supported
[INFO] [stdout]   --> bit_set.rs:28:48
[INFO] [stdout]    |
[INFO] [stdout] 28 | #[derive(Clone, Eq, PartialEq, RustcDecodable, RustcEncodable)]
[INFO] [stdout]    |                                                ^^^^^^^^^^^^^^
[INFO] [stdout] 
[INFO] [stdout] 
[INFO] [stdout] warning: use of deprecated macro `RustcDecodable`: rustc-serialize is deprecated and no longer supported
[INFO] [stdout]    --> bit_set.rs:703:39
[INFO] [stdout]     |
[INFO] [stdout] 703 | #[derive(Clone, Debug, Eq, PartialEq, RustcDecodable, RustcEncodable)]
[INFO] [stdout]     |                                       ^^^^^^^^^^^^^^
[INFO] [stdout] 
[INFO] [stdout] 
[INFO] [stdout] warning: use of deprecated macro `RustcEncodable`: rustc-serialize is deprecated and no longer supported
[INFO] [stdout]    --> bit_set.rs:703:55
[INFO] [stdout]     |
[INFO] [stdout] 703 | #[derive(Clone, Debug, Eq, PartialEq, RustcDecodable, RustcEncodable)]
[INFO] [stdout]     |                                                       ^^^^^^^^^^^^^^
[INFO] [stdout] 
[INFO] [stdout] 
[INFO] [stdout] warning: use of deprecated macro `RustcEncodable`: rustc-serialize is deprecated and no longer supported
[INFO] [stdout]    --> vec.rs:399:28
[INFO] [stdout]     |
[INFO] [stdout] 399 |             @derives      [RustcEncodable,]
[INFO] [stdout]     |                            ^^^^^^^^^^^^^^
[INFO] [stdout]     | 
[INFO] [stdout]    ::: vec/tests.rs:2:1
[INFO] [stdout]     |
[INFO] [stdout] 2   | newtype_index!(struct MyIdx { MAX = 0xFFFF_FFFA });
[INFO] [stdout]     | --------------------------------------------------- in this macro invocation
[INFO] [stdout]     |
[INFO] [stdout]     = note: this warning originates in a macro (in Nightly builds, run with -Z macro-backtrace for more info)
[INFO] [stdout] 
[INFO] [stdout] 
[INFO] [stdout] error[E0200]: the trait `Step` requires an `unsafe impl` declaration
[INFO] [stdout]    --> vec.rs:203:9
[INFO] [stdout]     |
[INFO] [stdout] 203 | /         impl ::std::iter::Step for $type {
[INFO] [stdout] 204 | |             #[inline]
[INFO] [stdout] 205 | |             fn steps_between(start: &Self, end: &Self) -> Option<usize> {
[INFO] [stdout] 206 | |                 <usize as ::std::iter::Step>::steps_between(
[INFO] [stdout] ...   |
[INFO] [stdout] 240 | |             }
[INFO] [stdout] 241 | |         }
[INFO] [stdout]     | |_________^
[INFO] [stdout]     | 
[INFO] [stdout]    ::: vec/tests.rs:2:1
[INFO] [stdout]     |
[INFO] [stdout] 2   |   newtype_index!(struct MyIdx { MAX = 0xFFFF_FFFA });
[INFO] [stdout]     |   --------------------------------------------------- in this macro invocation
[INFO] [stdout]     |
[INFO] [stdout]     = note: this error originates in a macro (in Nightly builds, run with -Z macro-backtrace for more info)
[INFO] [stdout] 
[INFO] [stdout] 
[INFO] [stdout] error: aborting due to 7 previous errors; 5 warnings emitted
[INFO] [stdout] 
[INFO] [stdout] 
[INFO] [stdout] Some errors have detailed explanations: E0200, E0407.
[INFO] [stdout] 
[INFO] [stdout] For more information about an error, try `rustc --explain E0200`.
[INFO] [stdout] 
[INFO] [stderr] error: could not compile `fast-rustc-ap-rustc_index`
[INFO] [stderr] 
[INFO] [stderr] To learn more, run the command again with --verbose.
[INFO] running `Command { std: "docker" "inspect" "facc9a46210cc799212cd890d3ca1b1a02fd20c8fae72eb853d12010faeca60f", kill_on_drop: false }`
[INFO] running `Command { std: "docker" "rm" "-f" "facc9a46210cc799212cd890d3ca1b1a02fd20c8fae72eb853d12010faeca60f", kill_on_drop: false }`
[INFO] [stdout] facc9a46210cc799212cd890d3ca1b1a02fd20c8fae72eb853d12010faeca60f
